igit of (-16)/(-40) + 236/10?
4
Let v(q) = -2*q + 4. Let g be v(2). Let m be 4*(99/(-12) + g). Let j = -19 - m. What is the units digit of j?
4
Let r = 1341 + 3735. What is the thousands digit of r?
5
Let f(y) = y**3 - 8*y**2 - y + 11. Let p be f(8). Suppose -4*c - 2*k + 435 = 155, -217 = -p*c - 5*k. What is the units digit of c?
9
Let a = 58 + -30. Let b = -102 + a. Let g = -41 - b. What is the tens digit of g?
3
Suppose -3644 = -4*r - 2*n, -3*r + 13*n = 14*n - 2733. What is the tens digit of r?
1
Let r be 10/55 - (0 + (-1689)/(-33)). Let v = 119 + r. What is the units digit of v?
8
Suppose -3*l + 7*l - y = 2282, -5*y + 2294 = 4*l. What is the tens digit of l?
7
Let j(k) = -5*k - 1. Let t be j(-2). Let w = 6 - t. What is the tens digit of 1*w - (-77 + 4)?
7
Let m = -1016 + 1955. What is the units digit of m?
9
Suppose 12*v + 69 = 9*v. Let s = 74 + v. What is the tens digit of s?
5
Suppose -59 = -2*w - c, 4*c + 110 + 44 = 5*w. Let l = w - -4. What is the units digit of l?
4
Let o(x) = 2*x + 1. Let g be o(2). Suppose 0*u = g*u - 255. What is the units digit of u/9 + (-4)/6?
5
Let l(a) = -5*a**3 - 4*a**2 + 8*a - 4. What is the units digit of l(-5)?
1
Suppose 5*m + 3*x - 10 = 0, -3*m + 3*x = 2 - 8. Suppose -5*h - 2*w + 208 = 0, -m*h + 5*w + 1 = -88. What is the tens digit of h?
4
What is the units digit of (-1103)/(-4) - (99/(-44) - -2)?
6
Suppose -o + 3*l = -2, 0 = -5*o - 2*l - l + 10. What is the units digit of (-1302)/(-24) + o/(-8)?
4
Suppose 0*h + 2*s = -5*h, 0 = 3*h + 4*s. Suppose 9*u - 11*u + 132 = h. What is the tens digit of u?
6
Let y = -15 + -9. Let k = -15 - y. Let j = 23 - k. What is the tens digit of j?
1
Suppose 5*b - 4*d - 8032 = 2123, 2*b - 4062 = -4*d. What is the units digit of b?
1
Let y be (-15)/10*2*-1. What is the tens digit of (-161 + y)*7/(-14)?
7
Let o(a) = 3*a**3 - 4*a**2 - 4*a + 10. Let l be o(-4). Let s = l + 363. What is the hundreds digit of s?
1
Suppose -2*u = 3*x + 3 + 19, -4*x - 14 = -5*u. What is the units digit of (8/x)/((-14)/1617) - 4?
0
Suppose -5*u + 2*q = 10, -u - 10 = 2*u - 2*q. Suppose 0*h + 5*h - 10 = u. Suppose k + h*k = 99. What is the tens digit of k?
3
Let o = 870 + -439. What is the hundreds digit of o?
4
Let x be 2/5 - 8/20. Let a(o) = -o + 4. Let q be a(x). Suppose 33 = -q*y + 7*y. What is the units digit of y?
1
Let v(m) = -122*m**3 - m**2 - 4*m + 5. Let c be v(1). Let t = 170 + c. What is the tens digit of t?
4
What is the tens digit of ((-2080)/(-2) + 2)/(17 + -15)?
2
Let j(g) = -64*g**3 + g + 1. Let c be ((4 + -1)/3)/(-1). What is the tens digit of j(c)?
6
What is the hundreds digit of 0 + (-9)/(45/(-895))?
1
Suppose 5*f + 6 = 41. Suppose -3*k - 3*s = k - 39, 3*k + f = 5*s. Let h = k - 2. What is the units digit of h?
4
Suppose 0 = 2675*m - 2674*m - 933. What is the units digit of m?
3
What is the hundreds digit of (-110)/(-4)*4862/85?
5
Suppose -8*j = -9*j - 2. Let g(d) be the first derivative of d**4/4 + d**3/3 - d**2 + d + 3. What is the units digit of g(j)?
1
Let n(u) = 13*u**3 - 4*u**2 - u - 43. What is the thousands digit of n(6)?
2
Let v(i) = 74*i - 147. What is the tens digit of v(13)?
1
Let n(a) = -a**3 - 4*a**2 + 4. Let o be n(-4). Suppose -o*j + 8 = -2*j. Suppose -203 = -4*q + s, -j*q - s = -3*s - 198. What is the units digit of q?
2
Let y = 3175 + -1567. What is the hundreds digit of y?
6
Suppose t = 4*s + 81, t + 2*s = 4*s + 81. What is the units digit of t?
1
Suppose -5*s - 11487 = -2*o, -69*o + 17188 = -66*o + s. What is the thousands digit of o?
5
Let s(f) = f**2 + 13*f + 17. Let g be s(-10). Suppose -u - 49 = -2*u. Let i = g + u. What is the units digit of i?
6
What is the tens digit of (-45)/54 - 13857/(-18)?
6
Suppose 0 = 2*k + 2*k + 32. Let i(c) = -6*c + 7. Let p be i(6). Let t = k - p. What is the units digit of t?
1
Suppose 0 = 4*u - 5*j - 39, -3*u - 3*j - 1 = -10. Let k = u - 34. What is the units digit of 6/(-9)*(1 + k)?
8
Let s be 2919/28 - 3/(-4). Suppose -l + 4*l - m - s = 0, 12 = 4*m. What is the units digit of l?
6
Let w(d) = -d**3 - 14*d**2 + 9*d + 5. Let x(r) = -2*r**3 - 29*r**2 + 17*r + 9. Let k(y) = 5*w(y) - 2*x(y). What is the tens digit of k(-13)?
3
Suppose 6*v - 56 = 4*v. Suppose -3*d - j - j = 54, 2*d + 4*j + v = 0. Let a = 45 + d. What is the units digit of a?
5
What is the units digit of ((-54)/(-21))/(3/840)?
0
Let x(n) = 2*n + 6. Let y be x(-4). Let v(o) be the first derivative of -o**4/4 + o**3 + o**2 - o - 4. What is the units digit of v(y)?
5
Let k(b) = -4*b + 3. Let l be k(-1). Suppose 5*n = u + 13 + l, 0 = 5*u. Suppose -n*g + 22 = 2*t, -2*g + 4*g - 13 = -3*t. What is the units digit of t?
1
Let y = 4 - 2. Let a be ((-8)/(-10))/(y/5). Suppose 4*m - 94 = a*w, 5*m - 4*w - 115 = -w. What is the units digit of m?
6
Let x(v) = v**3 - 2*v**2 - 5*v + 3. Let r be x(3). What is the units digit of 0 + r - (11 - 60)?
6
Let y(i) = i**3 + 11*i**2 + 9*i - 3. Let t = -1 - 9. What is the units digit of y(t)?
7
Let m be 28/21*3/2. Let n = m - 8. Let s = 12 + n. What is the units digit of s?
6
Suppose 12 = -4*c - n - n, 2*n = -c. Let g be (1 + (c - -1))*-1. Suppose 3*r = -g*r + 130. What is the units digit of r?
6
Let x = -3 + 5. Suppose -3 = -3*j + x*t, 2 = t - 1. Suppose y + 6*b - 42 = j*b, 0 = 2*y - 3*b - 57. What is the tens digit of y?
3
What is the thousands digit of (-67665)/(-60) + (-3)/4?
1
What is the units digit of (1/4*-2532)/(-1 - 0)?
3
Let v = 4812 + -3089. What is the thousands digit of v?
1
Suppose 12*c + 54 = 13*c. Suppose 4*q = 2*q + c. Suppose 3*v = o + 27, -2*v - 2*o = v - q. What is the units digit of v?
9
Suppose 3*p - 27 = -2*v, 3*p - 4*v + 6 = 51. Let x(d) = d**2 - 10*d - 1. What is the units digit of x(p)?
0
Let k be (-5)/(-3) - 11/(-33). Suppose -7*v = -k*v + 85. Let a = v + 28. What is the units digit of a?
1
Suppose 7*p - 1195 = 2676. What is the tens digit of p?
5
Let a(b) = 323*b - 369. What is the tens digit of a(5)?
4
Suppose -6967 + 679 = -8*y. What is the tens digit of y?
8
Let w = 701 + 1948. What is the units digit of w?
9
Let d(i) = i**2 + 12*i + 7. Let z be d(-12). Let o be (-1)/2 + z/2. Suppose o*s = -g + 14 + 8, 0 = 3*g - 3. What is the units digit of s?
7
Suppose -3*p = -5*p + 18. What is the units digit of 5 + 0 + 9/p?
6
Let d = -473 - -899. What is the units digit of d?
6
Suppose -3*z = 54 + 72. Let g be z/70*-5*31. Suppose -3*a - 3*x + g = 0, 0 = 2*a - 5*x + x - 56. What is the units digit of a?
0
Let z(y) = -y**3 - y**2 - 5*y - 1. Let v be z(4). What is the tens digit of -2 + ((1 - v)/3 - 0)?
3
Suppose 0 = y - 0 - 2. Let z(j) = 28*j + 22 - 29*j - y. What is the units digit of z(14)?
6
Let s(t) = 5*t**2 - 90*t - 28. What is the units digit of s(19)?
7
Let n(b) = -3*b - 26. Let d be n(-8). What is the units digit of (-4763)/(-22) + d/(-4)?
7
What is the hundreds digit of -11 + 15 + 115 + 2?
1
Let o(i) = 2*i + 147. What is the tens digit of o(-43)?
6
Let t(f) = -5*f + 18. Let c be t(3). Suppose -2*m = 4*a - 164, c*a = -m + 8*a + 96. What is the tens digit of m?
8
Let j = -9 + 13. Suppose j*y + 102 = -66. What is the units digit of y/(-9) - (-10)/(-15)?
4
Let i be 251 + (-3)/((-3)/(-2)). Suppose -4*v + i = -v. What is the units digit of v?
3
Let o(b) = 2*b - 6. Let j be o(5). What is the tens digit of 13 + j/4 + 0?
1
Let u be (210/(-25))/7*40/6. What is the units digit of (-2 - 260/u)/((-2)/(-4))?
1
Suppose 0 = 4*o + 15 + 9. Let t = o - -9. What is the units digit of t?
3
Let w = 5 - 26. Let l(m) = -m**2 + 20*m + 11. Let f be l(19). Let v = f + w. What is the units digit of v?
9
Let x = 79 - 73. Suppose 114 = x*s - 894. What is the tens digit of s?
6
Suppose -3*c + 15 = -0*c + 3*u, -5*c + 7 = -4*u. Suppose j - c*y - 54 = 0, -3*j - 61 = -4*j - 4*y. What is the units digit of j?
7
Suppose -4*n + 1802 = s, -5*s - 8*n + 7*n + 9010 = 0. What is the hundreds digit of s?
8
Let s = 743 - -167. What is the hundreds digit of s?
9
Let d be ((-2)/6)/(6 - (-235)/(-39)). Let o be (-5 - 1)/((-2)/(-3)). Let l = d - o. What is the tens digit of l?
2
Suppose -920 = -2*d + 7*d. Let z = d + 259. Suppose -4*i + z = 7. What is the tens digit of i?
1
Suppose -174*z - 5164 = -176*z. What is the units digit of z?
2
Suppose 15*s = 47*s - 11104. What is the units digit of s?
7
Let o be 1436/16 + 1 + 2/8. Let n = -8 - -15. What is the units digit o